2*o - 5. Suppose -5*h = p*f - 180, -f - o*h + 66 = f. What is the tens digit of f?
3
What is the tens digit of ((-10)/(300/14570))/(1/(-9))?
7
Let m(b) be the second derivative of -b**3/6 + 71*b**2/2 + 3*b - 412. Let k(u) = u**3 + 2*u**2 - 3*u. Let i be k(-3). What is the tens digit of m(i)?
7
Suppose -23117*h = -23163*h + 4045792. What is the hundreds digit of h?
9
Let x = -34 + 8. What is the units digit of (-7 - 2)*(x + 0)?
4
Let o(l) = 1245*l**2 - 3*l + 2. Let u be o(1). Suppose -6170 = -6*g - u. What is the units digit of g?
1
Let c be -14 + -21 + (0 + 1 - 0). Let p = c + 40. Suppose -3*n - 2*t = -p*n + 169, 5*n = -3*t + 307. What is the units digit of n?
9
Let o be -5 + 9118 + 2 + -5 + -2. Suppose 50*r - o = 41*r. What is the thousands digit of r?
1
Suppose -7*h - 25 = -12*h. Suppose 2*l = -h*j + 9 - 108, 3*j + 3 = 0. What is the units digit of 3/(-9)*-9 - l?
0
Let b(a) = a**3 - 23*a**2 + 25*a - 3. Let z be b(17). Let u = z + 2390. What is the hundreds digit of u?
0
Let q be (-12)/8*-2*(-2)/3. What is the tens digit of (q/(-6))/((-19)/(-3534))?
6
What is the tens digit of 2687 - ((-4)/14 + (-464)/(-56))?
7
Let o(y) = 108*y - 1648. What is the units digit of o(86)?
0
Let w be 1/(-3) + (-160)/(-30). Let l = 4 + w. Suppose -140 = -r - l*r. What is the tens digit of r?
1
Let h(t) = -2*t**3 + 206*t**2 - 81*t - 94. What is the hundreds digit of h(99)?
2
What is the tens digit of (0 - 0) + 2125065/105 + 16/56?
3
Let j = 248 - 245. Suppose 863 = j*b - t, 6*t - 10 = 8*t. What is the units digit of b?
6
Let q be (-6)/(-8) - 848/(-64). Suppose -q*w + 5628 = -10*w. Suppose 4*h = -3*h + w. What is the tens digit of h?
0
Let s(w) = 22*w**2 + 17*w + 5. Let i(t) = -21*t**2 - 15*t - 4. Let m(l) = -5*i(l) - 4*s(l). What is the tens digit of m(5)?
6
Suppose 2*z - z = -80. Let a = 360 - 247. Let b = z + a. What is the tens digit of b?
3
Suppose -2*b + m = -3211, 0 = -5*b - 5*m + 10*m + 8020. What is the units digit of b?
7
What is the tens digit of (1 + -67)*(-61488)/432?
9
Let o = 17 + 6. Suppose 171 = -433*p + 436*p. Let c = p + o. What is the units digit of c?
0
What is the ten thousands digit of (1 - 117/91)/(4/(-149044))?
1
What is the tens digit of (45 - 46)*1*(-6296 + -3)?
9
Let u = -66 + 86. Let f be -10*(38/u*-2 - -3). What is the tens digit of (-10)/(f + -3) + 225?
2
What is the units digit of 19/(2394/1706096) - 12/27?
0
Let p(s) = 3*s**2 + 18*s - 36. Let g(c) = -4*c**2 - 19*c + 35. Let k(z) = -4*g(z) - 5*p(z). What is the hundreds digit of k(-14)?
4
Suppose -3*f + 31894 = -o, 3*o - 21286 = -2*f - o. What is the units digit of f/124 - 2/(-8)?
6
Let u be (6 - (-10)/(-5)) + 0/(-1). Suppose 105 = -u*x + 369. What is the tens digit of x?
6
Let o = -26 + 25. Let u(r) = r + 6. Let g be u(o). Suppose 12 = 4*t, 160 = 5*i - g*t - 10. What is the tens digit of i?
3
Let r = 449 - 786. Let l = 7 - r. What is the tens digit of l?
4
Let y be (80/24)/((-1)/(-3)). Suppose 5*o = -4*w + y, 4*o + 0 = -2*w + 8. Suppose o*f = 334 - 72. What is the tens digit of f?
3
What is the hundreds digit of 6/4 + 7/2*8757?
6
Let j(a) = -a**3 - 28*a**2 + 14*a - 17. Let b(x) = -x**2 - x. Let g(z) = 5*b(z) + j(z). What is the hundreds digit of g(-34)?
8
Let x be (-7914)/36 - (-1)/(-6). Let b = x + 323. What is the hundreds digit of b?
1
Let u = 15 + -10. Suppose f - 5 = -3*i + 353, 0 = f - u*i - 342. What is the tens digit of f?
5
Let f(v) = 584*v - 160. What is the ten thousands digit of f(23)?
1
Let y(s) = -s**2 - 2*s - 1. Let n be y(-1). Suppose 9*m - 7*m + 44 = n. Let c(k) = -5*k + 2. What is the tens digit of c(m)?
1
Suppose 4*r = 2*r - 68. Let s be (r/(-4))/((-12)/8)*78. What is the units digit of s/(-4) - (-1)/2?
1
Let z(f) = -13*f**3 - 86*f**2 + 21*f - 32. Let g(q) = -3*q**3 - 21*q**2 + 5*q - 8. Let x(i) = -9*g(i) + 2*z(i). What is the tens digit of x(-15)?
0
Suppose -747518 = -249*l + 1001224 - 408126. What is the thousands digit of l?
5
Let y(q) = -q**2 + 19*q - 43. Let k be y(8). Suppose -k*d = -40*d - 1245. What is the tens digit of d?
4
Suppose -3*d = 6 - 9. Let k be ((-12)/(-8) + d)*6. Suppose 4*h + 3 - k = -3*s, -3*s = 5*h - 18. What is the units digit of h?
6
Let w(f) be the third derivative of f**5/60 - 5*f**4/8 + 3*f**3/2 + 31*f**2 + 2*f. Let g be (1 - (-4)/((-16)/12)) + 21. What is the units digit of w(g)?
5
Let o = 17346 + -9389. What is the thousands digit of o?
7
Suppose 4*t = -r + 768, 5*r - 5195 = 3*t - 1355. What is the hundreds digit of r?
7
Suppose -4*r + 3*i + 4584 = -4519, 2*i - 6806 = -3*r. What is the tens digit of r?
7
Let m(z) = -531*z - 1233. What is the hundreds digit of m(-13)?
6
Suppose b = -4*v + 6, 0*b + 2*v = 5*b - 30. Let m = b - -1. Suppose -9*c = -m*c - 136. What is the tens digit of c?
6
What is the thousands digit of (-88)/(11/1) - -12030?
2
Let o(h) = -h**3 - 16*h**2 - 11*h - 4. Let x be o(-16). Suppose -x = -s - 316. What is the tens digit of (s/64)/((-1)/76)?
7
Suppose 0 = -5*j - 4*j + 54. What is the tens digit of (3 - -306)*j/9?
0
Let m = 13 + -28. Let o(t) = -52*t + 65. Let l be o(m). Suppose l = 5*k + 165. What is the tens digit of k?
3
Suppose 5*v + 2 - 12 = 0. Suppose 6*q + 98 = v. What is the tens digit of 2*(0 + -2 - q)?
2
Let c = 6 + 8. What is the tens digit of -4 + (-120)/c*1400/(-16)?
4
Suppose 25*t - 24*t = 0. Suppose -4*d + 0*d - 232 = t. Let i = -48 - d. What is the tens digit of i?
1
Let l(b) = -22*b - 38. Suppose 3*t + p = -8, p - 12 = 2*t - 5. Let j be 1*-1*(t + (10 - 0)). What is the hundreds digit of l(j)?
1
What is the hundreds digit of -1 - ((-3519)/9*1 - 9)?
3
Suppose i + 4*d - 15768 + 793 = 0, 3*i + d = 44914. What is the tens digit of (-2)/6*-1 - i/(-33)?
5
Let l be (-114)/(-42) - 3 - (-12927)/(-7). Let i = l - -3138. What is the units digit of i?
1
Let f = 88 + -224. Let h = 135 - f. What is the tens digit of h?
7
Let z = 528 - 533. What is the hundreds digit of 213 + 7/(z + 4)?
2
Suppose 18*v - 16 = 56. Suppose -5*j - v*w + 3513 = 0, -3*w - 684 = -3*j + 1440. What is the tens digit of j?
0
What is the hundreds digit of 2190*(134/(-10) + 14)?
3
Let x(z) = -2*z**3 - 3*z**2 + 4*z + 6. Let j be -2*3/((-18)/(-123)). Let u = -45 - j. What is the units digit of x(u)?
0
Let o(v) = 4421*v - 11578. What is the hundreds digit of o(14)?
3
Suppose 658*l - 10 = 656*l. Suppose -4*b + l*y + 104 = 0, 0 = -3*b - 2*y + 6*y + 77. What is the tens digit of b?
3
Suppose -363*d = -389*d + 57122. What is the thousands digit of d?
2
Let y(f) = -2*f**3 + 4*f**2 + 3*f - 12. Let q be y(3). Let k(j) = 3*j**2 + 49*j + 30. What is the tens digit of k(q)?
2
Let g = 109137 + -65218. What is the hundreds digit of g?
9
Let j(w) be the third derivative of -5*w**4/8 - 8*w**3/3 - w**2 - 18*w. What is the hundreds digit of j(-8)?
1
What is the thousands digit of (-170)/3*(1 + 1416/(-48))?
1
Let q(p) = -p**3 - 13*p**2 - 6. Let c be q(-13). Let r be (-9)/c*4/3. What is the tens digit of (2 - (-315)/10)*(0 + r)?
6
Let u be -6*(3 + 2 + 37/3). Let t = u - -104. What is the tens digit of 6*4/(-6) + t + 138?
3
Let j(o) = 18*o - 100. Let f be j(21). Let a = -209 + f. What is the tens digit of a?
6
Suppose 56 = u + 6*u. Suppose 0 = -u*d + 9512 - 2440. What is the tens digit of d?
8
Let b = 920 - 626. Suppose u + 3*s = -s + 52, b = 5*u + 3*s. What is the tens digit of u?
6
Let w(d) = 18*d - 6. Let x be w(-8). Let f = x + 406. Let t = f + -182. What is the units digit of t?
4
Let l be 1 + (3 - (-1 - 4086)). Suppose 4*d + 1331 = l. Suppose 210 = -6*r + d. What is the tens digit of r?
8
Suppose -14*k - 6 = -16*k. Suppose -2*c = -4*d - 8, 3*c - d - 5 = -k. Suppose 6*a - a - 460 = c. What is the units digit of a?
2
Suppose -119*d + 200090 = -64*d. What is the thousands digit of d?
3
Let j be 8253/(6/4*1). Suppose -3*f = 3*f - j. What is the tens digit of f?
1
Let w(a) = 6*a**2 + 56*a - 13. Let d be w(-15). Suppose -243*i + d = -236*i. What is the tens digit of i?
7
Suppose 0 = -y - 3*o + 17, -o + 2*o - 9 = -y. Suppose 40 = 4*i - 4*d, 141*d - 140*d + 4 = 0. Suppose -i*l + 235 = -y*l. What is the tens digit of l?
3
Let p be 25*(0 - 5 - -6). Suppose 25*c - 24*c - 1325 = -4*r, 5*c - p = 0. What is the units digit of r?
0
Suppose 4*i - 12 = 16*i. Let f(z) = z**3 - 5*z**2 + 2*z + 10. Let b be f(4). What is the units digit of (i - b) + (-5 - -3 - -23)?
8
Let a = 